 16, what is 457f79d - 2?
457f79b
In base 3, what is 1110110 + 1211122?
10022002
In base 11, what is 0 - -674185a3?
674185a3
In base 4, what is 30331200331 - 102?
30331200223
In base 9, what is -1 - 330401278?
-330401280
In base 6, what is 3442112 - -14223?
3500335
In base 7, what is 33444 + 502?
34246
In base 3, what is 100111001210000 + -122?
100111001202101
In base 7, what is -646640 - 203?
-650143
In base 7, what is 25412024 + -6?
25412015
In base 3, what is 1 - 10000000020220110?
-10000000020220102
In base 8, what is -31564 + 11161?
-20403
In base 13, what is 21568740 + 0?
21568740
In base 13, what is -1b2021cb - -4?
-1b2021c7
In base 8, what is 2531 + 53123?
55654
In base 12, what is 21 - -253783?
2537a4
In base 9, what is 4 + -4285638?
-4285634
In base 8, what is -665 - -62566?
61701
In base 16, what is -518a + -44?
-51ce
In base 16, what is -746a5 - 6?
-746ab
In base 4, what is 310333233 - 110?
310333123
In base 5, what is 20020342223 + 14?
20020342242
In base 16, what is -38fc08 + -1e?
-38fc26
In base 8, what is 4 - -110300357?
110300363
In base 13, what is -1495 + c77?
-51b
In base 9, what is 2207833 - -12?
2207845
In base 4, what is 0 + 13212102322?
13212102322
In base 4, what is 2132230320303 - -11?
2132230320320
In base 8, what is 363334655 + -1?
363334654
In base 6, what is -13 + 233315104?
233315051
In base 5, what is 34434032142 + 1?
34434032143
In base 2, what is 11110001111010010010101 - -100?
11110001111010010011001
In base 3, what is -2 - -21112111200112121?
21112111200112112
In base 11, what is 3 + -399504?
-399501
In base 4, what is -21132010 - -1301?
-21130103
In base 14, what is -7b50936 - 2?
-7b50938
In base 8, what is -7407651 + 6?
-7407643
In base 15, what is 44 - 419d0b?
-419cb7
In base 10, what is 1220928 + 49?
1220977
In base 12, what is a1860581 + 1?
a1860582
In base 7, what is -253345605 + -10?
-253345615
In base 4, what is 121200233222 + 2?
121200233230
In base 9, what is -883 + -1173435?
-1174428
In base 15, what is 10 - -177d6c?
177d7c
In base 16, what is -9a - -82?
-18
In base 9, what is 23200 + -260?
22830
In base 12, what is 1bb6451 + -8?
1bb6445
In base 4, what is -1013320 - 232233?
-1312213
In base 9, what is -4882863 - -471?
-4882382
In base 10, what is 13100125 + -5?
13100120
In base 7, what is 626403 - 300?
626103
In base 7, what is 10025552 + 3?
10025555
In base 16, what is 8fd57c + 0?
8fd57c
In base 15, what is -bac5 + -24c?
-bd22
In base 12, what is 172b4b7 + 31?
172b528
In base 4, what is -22100 + -2332322?
-3021022
In base 6, what is -200512 + 25011?
-131501
In base 5, what is -231221113 - 1?
-231221114
In base 12, what is 93370b1 + 4?
93370b5
In base 12, what is -b3561 + -42?
-b35a3
In base 2, what is -101101010111111 - -10000100?
-101101000111011
In base 9, what is -577156551 - -2?
-577156548
In base 9, what is -30524743 - 3?
-30524746
In base 11, what is -4936147 - 68?
-4936204
In base 4, what is 332 + 3021210220?
3021211212
In base 12, what is 12 - -21435a?
214370
In base 13, what is -64 - -7b3a2?
7b33b
In base 12, what is -280546 + 5a8?
-27bb5a
In base 2, what is 1010110000011011011111011 + -101?
1010110000011011011110110
In base 5, what is -441 + -424240?
-430231
In base 3, what is -10 - 1101121200210?
-1101121200220
In base 10, what is -137428205 - -4?
-137428201
In base 9, what is -6 + 425734?
425727
In base 7, what is 104451 + 143?
104624
In base 13, what is -13620c4c - 0?
-13620c4c
In base 14, what is -8 + -18a34b?
-18a355
In base 5, what is -300214241 - 124?
-300214420
In base 7, what is -441 - -115261?
114520
In base 6, what is -202154 + 323514?
121320
In base 8, what is -11 - 701457146?
-701457157
In base 15, what is -c - 995c1?
-995cd
In base 3, what is 20000002000 - -111?
20000002111
In base 4, what is 11133131 + 1103?
11200300
In base 7, what is 116142354 - -3?
116142360
In base 8, what is -55552261 + 3?
-55552256
In base 13, what is -194b64 - b?
-194b72
In base 2, what is 10 - -11000001110010101110111?
11000001110010101111001
In base 7, what is -23522402 + 34?
-23522335
In base 10, what is 273386575 - -4?
273386579
In base 2, what is -1 + 101110111110001111110?
101110111110001111101
In base 5, what is 2302430 + 2401?
2310331
In base 3, what is 1100021 - -2112122?
10212220
In base 6, what is 1323 - -453445?
455212
In base 4, what is 1 + 111221233313?
111221233320
In base 7, what is 1540 - 2003?
-133
In base 8, what is 1 + -472361543?
-472361542
In base 2, what is -101 - 101110000101100100111010100?
-101110000101100100111011001
In base 13, what is 1121 - -155?
1276
In base 14, what is 78a7 + -9a28?
-2161
In base 15, what is 7 + -229e3d?
-229e36
In base 8, what is -2053027 + 21?
-2053006
In base 9, what is 8816 + 1080?
11006
In base 11, what is 5aa - 278022?
-277523
In base 11, what is -10 - -223029?
223019
In base 11, what is -2892139 - 324?
-2892462
In base 15, what is 235 + b4e6?
b72b
In base 7, what is 430556066 - 5?
430556061
In base 16, what is 1b + 11753e?
117559
In base 3, what is -2 - -1210022220?
1210022211
In base 14, what is -37d3cd + 5?
-37d3c8
In base 15, what is 55b7 + 273a?
7d02
In base 7, what is -12351 - 53110?
-65461
In base 6, what is -402 - -2413034?
2412232
In base 9, what is 0 - -706750232?
706750232
In base 12, what is -bb564 - 243?
-bb7a7
In base 4, what is -100313 - -110033?
3120
In base 4, what is -1222232112 + 3?
-1222232103
In base 13, what is -8 + -1622a9?
-1622b4
In base 14, what is -6 + -1b6620b?
-1b66213
In base 4, what is -310220 + -3032200?
-10003020
In base 6, what is -51 + -1531043?
-1531134
In base 3, what is -1222211 + -21211211?
-100211122
In base 9, what is 0 - 5355018?
-5355018
In base 4, what is -11002 + -11133?
-22201
In base 12, what is 3236 + -73133?
-6bab9
In base 4, what is -101000220333 - 0?
-101000220333
In base 16, what is 26a8b22 - 2?
26a8b20
In base 13, what is -8c + c3a97?
c3a08
In base 12, what is -15b35 - -b3?
-15a42
In base 6, what is 14500 - -2500432?
2515332
In base 5, what is 3 + 202022312?
202022320
In base 13, what is -117b29 + 3?
-117b26
In base 10, what is 453061 - 84?
452977
In base 13, what is -47a + a814?
a367
In base 11, what is 44 + 1057536?
105757a
In base 3, what is -2120021 + 2100111112?
2020221021
In base 14, what is -6347 + -44d?
-6796
In base 15, what is 1 - -47a3d5?
47a3d6
In base 14, what is 313202 - 3?
3131dd
In base 14, what is 2692 + -692?
2000
In base 2, what is 1100101000001100 - -100111100?
1100101101001000
In base 6, what is -424 - 1432001?
-1432425
In base 5, what is -4 - -343231121?
343231112
In base 11, what is -a15a9 + 466?
-a1143
In base 9, what is -1382 - 1136523?
-1138015
In base 4, what is 311132312 + 103231?
311302203
In base 11, what is -4 - 1093450?
-1093454
In base 9, what is -304066 - -23?
-304043
In base 12, what is a1 + 78797?
78878
In base 12, what is 11749 + 154?
118a1
In base 15, what is 3d356 - -416?
3d76c
In base 5, what is -1430 - 100234100?
-100241030
In base 5, what is 214312 - -13141111?
13410423
In base 3, what is -1212220121202 - -220?
-1212220120212
In base 8, what is 304555 + -626?
303727
In base 10, what is -10215 + 35556?
25341
In base 4, what is 2220113333 + -1010?
2220112323
In base 13, what is -4 - 6abc8795?
-6abc8799
In base 16, what is -80 - -cae41?
cadc1
In base 10, what is 5394255 + 3?
5394258
In base 9, what is 126 + -86142?
-86015
In base 2, what is 11000000111100110 - 110110101?
11000000000110001
In base 3, what is 22022202210 + -1112?
22022201021
In base 11, what is -63115 + 29?
-63097
In base 4, what is -1300202220 + 100330?
-1300101230
In base 4, what is -110 - 211033330?
-211100100
In base 8, what is -331116 + -330?
-331446
In base 3, what is -2 + 100010110211100?
100010110211021
In base 16, what is -3 + -1da9def?
-1da9df2
In base 14, what is -2a0b789c - -3?
-2a0b7899
In base 9, what is 12006 + -17404?
-5387
In base 12, what is 351346 - 47?
3512bb
In base 11, what is -4623 - 10204?
-14827
In base 8, what is 4 - 466771456?
-466771452
In base 10, what is 3 + -43453358?
-43453355
In base 16, what is 3a30c4a + -7?
3a30c43
In base 6, what is 2451333200 - 2?
2451333154
In base 3, what is -111 + -11122201222202?
-11122202000020
In base 10, what is 15 + -1865570?
-1865555
In base 10, what is 3859 - -22871?
26730
In base 13, what is -c421 - 527?
-c948
In base 8